7*z - 185331. Determine h(9).
-6
Suppose -4*o = -3*n + 13, 0 = -0*o + 7*o + 3*n - 35. Let i(w) be the first derivative of -12*w + 1/2*w**o + 10. Give i(7).
-5
Let u(w) = 334*w**2 - w + 4*w - 165*w**2 - 2 - w - 168*w**2. Let c(b) = 2*b + 1. Let k be c(-2). Let a be -1 + k + 0/7. Calculate u(a).
6
Suppose j + 5*i + 3 = 0, 5*j - 3*i - 20 = -7. Suppose -p - j*p = 4*y, 0 = y - 2*p - 11. Let r(m) be the first derivative of m**2/2 - 3*m - 1. Calculate r(y).
0
Let r(s) be the second derivative of s**5/20 - 3*s**4/4 - 4*s**3/3 - 11*s**2/2 - 7*s. Let p = -3025 + 3035. Determine r(p).
9
Let m be (1/4)/(((-45)/40)/(-9)). Let p(s) = -3*s**3 + 3*s + s + m*s**3 - s**2 + 0*s**2. Suppose 2*f = -5*u - 5, 7 = 3*u + 5*f - 9. Calculate p(u).
6
Let x(r) = r**2 + 40*r + 172. Let u be x(-5). Let m(j) = -1 + j**3 - 2*j**2 - 2*j**3 - 8 + 5. Calculate m(u).
5
Let q(h) = -2*h + 1. Let n(v) = 12*v - 46. Let i(d) = 2*n(d) + 10*q(d). Let p be i(19). Let f(c) = -c**3 - 6*c**2 + 2*c + 4. Determine f(p).
-8
Let z(i) = -i**3 - 5*i**2 + i - 32. Let t be z(-6). Let o be (-61)/(-21) + (t/21)/(-1). Let q(f) = 9*f. Give q(o).
27
Let z(l) = -3 + 3 + 2*l**2 - 3*l. Let t be 434/62 - (30 + -25)*3/5. What is z(t)?
20
Suppose -4*j - 1 = -z + 1, -j + 8 = 4*z. Let y be 2 + (j + 8 - 5). Let u(w) = -3*w + 5. Calculate u(y).
-10
Let v(k) = -14*k**2 - 6*k - 7. Let f(w) = 58*w**2 + 23*w + 29. Let i(r) = -2*f(r) - 9*v(r). Calculate i(-3).
71
Let u(g) = 3*g + 25. Let k = -324 - -314. Give u(k).
-5
Let y = 1 + 2. Let z(a) = 9*a**3 + 8*a**2 - 11*a + 12. Let n(s) = 7*s**3 + 7*s**2 - 8*s + 9. Let m(r) = 5*n(r) - 4*z(r). Determine m(y).
9
Let i(q) = -q**3 + 4*q**2 - q + 13. Suppose 13*c + 339 = 77*c - 45. Give i(c).
-65
Let l(z) = -5*z**2 - 11*z - 8. Let k(o) = o**2 + o + 1. Let a(h) = 4*k(h) + l(h). Suppose -46 - 314 = -18*p. Let x be ((3 - 1) + 108/(-48))*p. What is a(x)?
6
Let a(o) = -o**2 - 2*o - 5. Let x(m) = 17*m - 189. Let h be 1/(7*2/154). Let n be x(h). Calculate a(n).
-5
Let a(o) = 3*o**3 + o**2 + 11. Let m(s) = 14*s**3 + s**2 - s + 40. Let l(c) = 9*a(c) - 2*m(c). Give l(8).
-29
Suppose 3*w - 5*g = 53, 0 = -2*w + 3*g - 12 + 48. Let y(z) = w*z**3 - 8*z**3 + 15 - 12*z**3 + 14 - 14*z + 15*z - z**2. Give y(0).
29
Let r(i) be the third derivative of i**5/60 + 47*i**4/24 - 71*i**3/3 + 10*i**2 + i + 10. What is r(-50)?
8
Let t(a) = 5*a - a**2 + 15*a - 42 - 27 + 58. Calculate t(19).
8
Let j(r) be the first derivative of -r**4/4 + 10*r**3/3 + 6*r**2 - 24*r - 629. What is j(11)?
-13
Suppose z = -4*y + 15, -4*y - 3*z - 2*z + 11 = 0. Let t be ((-4)/6)/(((-16)/18)/y). Let g = t + -7. Let s(o) = -o - 1. Give s(g).
3
Let b(m) = 1053 + 1034 + 1031 - 11*m - 3151. What is b(-3)?
0
Suppose -4*v = 2*a, 0 = 4*a + 14*v - 11*v - 5. Let t(g) be the first derivative of 1/3*g**3 - 13 + g - g**a. Calculate t(3).
4
Let c(o) = -o. Suppose -85*h + 83*h = -284. Let f = -146 + h. Give c(f).
4
Let d = 207 - 111. Suppose 5*b - d = -11*b. Let s(q) = -q**3 + 5*q**2 + 7*q + 2. Calculate s(b).
8
Let w be ((-175)/(-10))/7*-4. Let l = -14 - w. Let m(y) = 0*y - 5*y**2 + 5 + 3*y - 5*y + 4*y**2. Give m(l).
-3
Let l be (1/(-4))/((-93)/(-155)*10/(-144)). Let k(j) = j**3 - 6*j**2 + 5*j - 64. Give k(l).
-34
Let x(h) = h**3 - h**2 - 2*h - 1. Let d(m) = 12*m**3 - 3*m**2 - 2*m - 3. Let n(p) = d(p) - 2*x(p). Let w be n(1). Let q(b) = -b**2 + 10*b + 4. Determine q(w).
4
Suppose -4*t + 57 = -6*d + 25, 4*d + 5*t = -29. Let s(k) = -21*k - 91. What is s(d)?
35
Suppose 2*g = g - 3. Let p(b) be the third derivative of -b**5/60 - b**4/6 + 2*b**3/3 - 489*b**2 - 16*b. Determine p(g).
7
Suppose 795 = -5*w + 5*k, 3*w - 5*k + 147 = 2*w. Let l = 149 + w. Let j(b) = -b**2 - 9*b + 45. Let m be j(l). Let r(t) = -t - 3. Give r(m).
4
Let s(l) = l - 571*l**3 + 8 - 3 - 4*l**2 + 570*l**3 + 7*l**2. Give s(4).
-7
Suppose -6*k + 99 = -15. Suppose -5*h - k = 16. Let v(r) = -8*r + 3. Let m(p) = -7*p + 2. Let x(l) = h*m(l) + 6*v(l). Give x(-3).
1
Let j(t) be the third derivative of -t**5/60 - t**4/6 + 17*t**3/6 - 90*t**2 + 4*t. Determine j(4).
-15
Let n(s) = s**2 - 8*s + 23. Let p(o) = o**2 - 8*o + 27. Let m(y) = 3*n(y) - 2*p(y). Determine m(6).
3
Let q(b) = 25*b + 6. Suppose -4*t - 26 = 2*y, y + 23 = t - 5*t. Let r(o) = -17*o - 4. Let c(u) = t*q(u) - 7*r(u). What is c(3)?
-20
Let r(j) be the third derivative of 3/4*j**4 + 1/60*j**5 + 28*j**2 + 2/3*j**3 + 1 + 0*j. Determine r(-18).
4
Suppose 0 = -2*i - 8 - 4. Let w(z) be the second derivative of z**2 - 15 - z - 1/6*z**3. Calculate w(i).
8
Let q(d) = 5*d + 58. Let n be (-2)/3 - (42/18 - 0). Calculate q(n).
43
Let n be (-1*4)/12*-1*-6. Let j be (-2)/(-1) - (1 + n - 2). Let s(u) = -u**2 + 4 - 7 - 8*u + 5 + u**3 - j*u**2. Determine s(7).
-5
Suppose -3 = 92*i - 93*i. Let c(x) = -3*x + 2*x**3 - x**2 + x**3 - 4*x**i + 6*x**2 - 1. What is c(3)?
8
Let q(o) = -o**3 + 10*o**2 - 17*o + 5. Let s = -14030 - -14038. Give q(s).
-3
Let q(z) = -13*z + 37. Suppose -24 = 77*j - 73 - 182. What is q(j)?
-2
Let r(p) = -23*p + 0*p**2 + 37*p + 27 - 19*p - 26 + p**2. Calculate r(1).
-3
Let p(c) = 6*c**2 + 1. Suppose 2*l = -17 + 27. Let y(u) = -u**2 + 2*u + 16. Let z be y(l). Calculate p(z).
7
Let x(m) = -2*m**2 + 292*m - 589*m + 294*m + 2. Let l = -6 - -3. Determine x(l).
-7
Let a(f) be the second derivative of 19/2*f**2 + 85*f + 2/3*f**3 + 0. Calculate a(-6).
-5
Let d = 2 - 1. Let i be 45 - 43 - (1 + 0)/d. Let x(y) = 19*y - 20*y - y**2 - 3 + i + 3. What is x(1)?
-1
Let q be -3 + ((-6 - 1)*(-34)/14 - 11). Let n(j) = 4 + 6*j - 6 - 14*j. Calculate n(q).
-26
Let h(p) = p - 2. Let w be (435/(-435))/((10/(-8))/5). Determine h(w).
2
Let s(d) = -64*d + 810. Let t be s(13). Let l(o) = 4*o + 81. Determine l(t).
-7
Let i(l) = -l**3 + 11*l**2 - l + 14. Let q = 9 - 4. Suppose p + 3*p = 11*p. Suppose p = -h + q + 6. Determine i(h).
3
Let a(v) be the third derivative of 1/60*v**5 + 0 + 64*v**2 + 0*v - 7/24*v**4 + 1/2*v**3. Calculate a(6).
-3
Suppose -1 = -4*q - 9. Let h(y) be the second derivative of -y**4/12 + y**3/3 + y**2 + 33395*y. Calculate h(q).
-6
Let q(t) be the third derivative of 25*t**4/12 + t**3/6 + 8097*t**2. What is q(-1)?
-49
Suppose u - 169 + 164 = -3*w, 5*w - 15 = 5*u. Let k(d) = -2*d**3 - d**2 - 2*d + 3. Determine k(w).
-21
Let a(y) be the third derivative of y**6/120 - y**5/10 - 5*y**4/24 + 11*y**3/6 - 14557*y**2. Calculate a(3).
-31
Let f(h) = -44*h**2 - 50*h**2 + 44*h + 18 + 143*h**2 - 45*h**2 - 17*h. What is f(-6)?
0
Let j(v) be the second derivative of -5*v**4/2 + 5*v**3/6 + 4*v**2 - 4*v + 1285. What is j(-1)?
-27
Let x(i) = -7857*i**3 + 41*i**2 - 41 + i + 0*i + 7856*i**3. Calculate x(41).
0
Suppose 5*y - 4*c - 38 = -0*c, -y + 5*c = 5. Let o(r) = 130 + 5*r - y*r**2 + 9*r**2 - 67 - 68. Let i = -4 + 10. Give o(i).
-11
Let f(p) be the third derivative of p**6/120 - 2*p**5/15 + p**4/3 - 7*p**3/6 - 30*p**2 + 4*p. Calculate f(7).
0
Suppose 0 = 4*w - j - 15, -46*j = -2*w - 48*j + 20. Let f(h) = h**2 - 10*h + 19. Give f(w).
-6
Suppose 2*d = -2*u - 3*d - 48, 3*u + 46 = -d. Let r(s) = 7 - 8*s**3 + 2*s**2 + 33*s**3 - 6*s**3 + 14*s - 10*s**2 - 20*s**3 - 5*s**2. What is r(u)?
7
Let s = 22 + -24. Let h be (-38 - -10)*s/(-4). Let k be -4 - (h/77 - (-4)/22). Let w(d) = -d**2 - 5*d - 2. Calculate w(k).
2
Suppose -11*c - 2*u + 1 = -14*c, -15 = -3*u. Suppose 3*m - 11 = -c*i + 1, -23 = -2*i + 3*m. Let v(x) = x - 2. Give v(i).
5
Suppose 15*b - 2*j = 11*b + 53020, 0 = 5*b + 3*j - 66275. Let z(t) = 21 + 13254*t - b*t + 1. Calculate z(0).
22
Let c(q) = -12604*q + 6295*q + 6304*q + 1 - q**3 + 8*q**2. Give c(6).
43
Let z(d) = d**2 + 3*d + 2. Let k be (4 - 13)*(3 - (-30)/(-9)). Suppose k*j - 31 + 32 = 2*y, -3*y = -3*j. What is z(y)?
0
Let z(h) = -41*h + 208. Let s be z(5). Let m(r) = 16*r + 6. Determine m(s).
54
Let x(c) = -c**2 - 6. Suppose h = -5*h + 14*h. Calculate x(h).
-6
Suppose 0*b + 4 = -4*b. Let f = b - -2. Let o(l) = 0*l - f - 7*l**3 - 5*l**2 + 3*l + 8*l**3 - l. Determine o(4).
-9
Let g be -1 + 1 + 0 + 3. Let h(d) be the third derivative of -d**6/120 + d**5/30 - d**4/24 - d**3/6 - 2219*d**2. Give h(g).
-13
Let p(k) = -4*k. Let n = -196 + 490. Suppose 5*f = -4*t - 953 + 212, 2*f + t = -n. Let i be f/58*(-12)/10. What is p(i)?
-12
Let j(n) = -4*n**3 - n**2 - n - 1. Let k(h) = -h**3 + 9*h**2 - 8*h + 31. Let p be k(6). Suppose -p*d = -86*d + 5. What is